= -8*z**2 - 50*z - 19. What is l(-7)?
-61
Let y(p) = 3*p**2 - 544*p + 172. Determine y(181).
-9
Let f(d) = -d**2 - 28*d + 430. Determine f(11).
1
Let g(t) = -9*t**2 + 193*t - 37. Calculate g(19).
381
Let n(i) = 456*i**2 + 4*i - 4. What is n(1)?
456
Let k(c) = 5*c**3 - 4*c**2 - 4*c + 20. Calculate k(-2).
-28
Let w(g) = -136*g**2 + 6*g + 9. Determine w(-1).
-133
Let k(z) = z**3 - 32*z**2 - 6*z + 217. Determine k(32).
25
Let z(x) = 3*x**2 - x - 184. Calculate z(9).
50
Let l(s) = -17*s + 854. Calculate l(53).
-47
Let l(m) = 3*m**2 + 65*m + 107. Give l(-2).
-11
Let h(p) = -26*p - 226. Calculate h(-12).
86
Let p(k) = 2*k**2 + 622*k + 4856. What is p(-303)?
8
Let j(p) = 4*p - 23. Calculate j(32).
105
Let s(j) = 7*j - 151. Determine s(30).
59
Let a(w) = 23*w**2 + 7*w - 12. Give a(3).
216
Let n(w) = -2*w**3 + 4*w**2 + 4*w - 20. What is n(6)?
-284
Let f(g) = -3*g**3 + 5*g**2 + 14*g - 20. Give f(6).
-404
Let a(i) = -61*i**2 - 91*i - 9. Give a(-1).
21
Let u(l) = -4*l**2 - 92*l + 55. What is u(-24)?
-41
Let u(p) = -p**3 - p**2 + 146*p - 135. Give u(-13).
-5
Let u(d) = -145*d**2 + 19*d - 19. Give u(1).
-145
Let g(h) = 11*h + 254. What is g(-36)?
-142
Let t(o) = -o**2 - 39*o + 7591. Calculate t(71).
-219
Let p(w) = 30*w - 1021. Determine p(44).
299
Let s(a) = 49*a - 2757. Give s(62).
281
Let u(k) = -k**2 - 12*k + 34. Calculate u(14).
-330
Let g(z) = 4*z**2 + 233*z + 1131. Give g(-53).
18
Let p(h) = -h**3 - 3*h**2 + 11*h + 81. Give p(0).
81
Let d(c) = 561*c**2 - 31*c - 3. Calculate d(1).
527
Let r(s) = -2*s**3 - s**2 - 6*s - 8. Calculate r(-2).
16
Let r(s) = 2*s**3 + 512*s**2 + 2012*s - 1013. Determine r(-252).
-5
Let f(x) = 3418*x - 78639. Calculate f(23).
-25
Let c(z) = -7*z**2 + 40*z + 9. Determine c(6).
-3
Let s(q) = -q**3 + 3*q**2 + 8*q - 15. Determine s(2).
5
Let g(x) = 15*x**2 - 319*x - 691. Calculate g(23).
-93
Let f(z) = 3*z**3 + 49*z**2 + 8*z - 38. Calculate f(-16).
90
Let d(p) = -107*p - 13908. What is d(-130)?
2
Let x(m) = 2*m**2 - 243*m + 595. Give x(119).
0
Let i(l) = -119*l + 951. Calculate i(8).
-1
Let a(w) = -4*w**3 + 30*w**2 + 31*w - 189. Give a(9).
-396
Let o(b) = b**2 - 59*b - 3824. Give o(98).
-2
Let j(l) = -26*l - 312. Give j(-13).
26
Let j(a) = -a**3 - 13*a**2 - 41*a - 162. What is j(-9)?
-117
Let u(d) = -d**3 + 168*d**2 - 121*d - 7640. Calculate u(167).
42
Let k(y) = -76*y + 2734. Determine k(29).
530
Let q(l) = 16*l + 578. Calculate q(-33).
50
Let k(t) = t**3 + 12*t**2 + 6*t - 21. What is k(-7)?
182
Let x(b) = -b**3 - 38*b**2 + 75*b + 109. Give x(-40).
309
Let s(d) = 252*d - 3810. Calculate s(15).
-30
Let h(k) = -k**2 - 31*k + 146. Determine h(-36).
-34
Let z(m) = m**3 + 44*m**2 - 224*m + 1011. Determine z(-49).
-18
Let i(a) = 9*a + 132. Give i(-16).
-12
Let q(c) = -2*c**3 + 63*c**2 - 25*c + 10. Calculate q(31).
196
Let j(h) = 2*h**2 + 552*h + 2172. What is j(-4)?
-4
Let u(v) = 483*v - 17856. What is u(37)?
15
Let d(v) = v**2 - 611*v + 4211. Determine d(7).
-17
Let o(p) = -7*p**2 - 89*p - 275. Give o(-5).
-5
Let o(j) = 845*j**2 + 7611*j + 12. Give o(-9).
-42
Let a(k) = 323*k + 10. Give a(0).
10
Let x(y) = -y**3 - y**2 - 31*y - 63. Calculate x(-2).
3
Let c(z) = 6*z**2 - 171*z - 60. Give c(29).
27
Let h(t) = t**3 + 4*t**2 - 225*t - 53. What is h(-17)?
15
Let s(a) = -151*a - 18157. Calculate s(-120).
-37
Let w(z) = 11*z**2 + 6*z + 9. Calculate w(-2).
41
Let b(y) = -1694*y - 37267. Determine b(-22).
1
Let m(b) = 138*b + 47. What is m(-2)?
-229
Let d(v) = v**2 - 127*v - 653. Give d(-5).
7
Let p(l) = -3*l + 27. Give p(-13).
66
Let h(j) = -4*j**2 + 2*j. Calculate h(-3).
-42
Let n(t) = -6*t**2 + 631*t - 119. Determine n(105).
-14
Let f(m) = -m**2 - 16*m + 59. What is f(-19)?
2
Let k(o) = -3*o**3 - 3*o**2 - o - 4. Give k(-3).
53
Let v(p) = p**3 + 9*p**2 + 14*p + 17. What is v(-4)?
41
Let k(o) = -8638*o - 34548. What is k(-4)?
4
Let m(y) = 2*y**3 - 17*y**2 + 4*y + 140. Determine m(6).
-16
Let s(n) = -41*n - 4185. Determine s(-102).
-3
Let u(s) = 2*s**3 + 13*s**2 - 102*s - 30. Calculate u(-11).
3
Let q(p) = p**3 + 21*p**2 - 155*p + 124. Determine q(5).
-1
Let x(n) = -743*n - 30469. Give x(-41).
-6
Let y(o) = -344*o + 4542. Calculate y(13).
70
Let w(g) = g**3 + g**2 - 5*g - 63. Calculate w(0).
-63
Let v(o) = 657*o + 5904. Calculate v(-9).
-9
Let l(k) = k**3 - k**2 - 45*k - 109. Give l(-3).
-10
Let h(o) = 3*o**3 - 6*o**2 - 14*o + 22. Determine h(6).
370
Let h(k) = 38*k - 121. What is h(8)?
183
Let o(y) = -y**3 + 8*y**2 + 33*y - 274. Determine o(6).
-4
Let o(i) = 9*i**3 - 62*i**2 - 4*i + 29. What is o(7)?
50
Let t(c) = c**3 - 11*c**2 - 79*c - 152. Give t(-3).
-41
Let b(r) = -3*r**2 - 1056*r + 19980. Determine b(-370).
0
Let m(k) = -13*k**3 + 5*k**2 - 10*k + 4. What is m(-4)?
956
Let k(t) = 2*t**2 - 3*t - 564. Determine k(-16).
-4
Let j(w) = 171*w**2 - 4103*w - 18. Calculate j(24).
6
Let w(o) = o**2 - 169*o + 7102. What is w(81)?
-26
Let i(m) = -m**3 - 30*m**2 + 103*m + 126. What is i(-33)?
-6
Let z(j) = 10*j**2 + 264*j - 521. Calculate z(2).
47
Let s(u) = 2*u**2 + 280*u + 789. Give s(-3).
-33
Let y(i) = 16*i - 37. Calculate y(-6).
-133
Let b(r) = 3*r**3 + 2*r**2 - 7*r - 9. Give b(-2).
-11
Let d(m) = m**2 + 2*m - 220. What is d(15)?
35
Let j(m) = m**3 - 35*m**2 + 102*m - 3567. Give j(35).
3
Let y(t) = 10*t**2 - 45*t + 14. Give y(4).
-6
Let y(c) = -c - 195. Calculate y(-4).
-191
Let x(u) = -u**2 + 60*u - 600. What is x(35)?
275
Let a(z) = 45*z + 1520. What is a(-34)?
-10
Let d(y) = 235*y - 11. Calculate d(1).
224
Let t(n) = 55*n**2 + 8*n + 6. Give t(-1).
53
Let o(g) = -g**2 + 18*g + 5. Calculate o(18).
5
Let c(m) = -3*m**2 + 23*m + 48. Calculate c(12).
-108
Let p(m) = m**3 + 14*m**2 - 7*m - 118. What is p(-14)?
-20
Let u(s) = 28*s**2 + 53*s - 5. Determine u(-3).
88
Let a(t) = -t + 82. What is a(-32)?
114
Let t(d) = -d**3 - 58*d**2 + 941*d + 1273. Determine t(-71).
-5
Let v(l) = -66*l**2 + 1783*l - 24. Determine v(27).
3
Let z(w) = -w**3 - 35*w**2 + 23*w + 44. Give z(-36).
512
Let d(z) = -2*z**2 + 14*z - 31. Determine d(3).
-7
Let w(d) = 3*d**2 + 15*d + 32. Give w(-3).
14
Let p(j) = 2*j**2 - 18*j + 7. What is p(8)?
-9
Let a(k) = -17*k - 610. Give a(-28).
-134
Let m(d) = -d**3 + 21*d**2 - 61*d + 28. Calculate m(18).
-98
Let j(l) = 11*l + 113. What is j(-41)?
-338
Let y(b) = b**2 - 258*b - 9570. Give y(-33).
33
Let u(t) = -t**2 + 21*t + 124. Give u(-6).
-38
Let y(d) = -61*d - 931. Determine y(-29).
838
Let d(i) = 9*i**2 - 242*i - 21. Give d(27).
6
Let i(c) = -c + 33. Calculate i(12).
21
Let b(a) = -45*a + 115. Calculate b(-6).
385
Let q(t) = 2*t**2 - 68*t + 457. Determine q(9).
7
Let x(b) = b**3 + 9*b**2 + 30*b + 47. Calculate x(-5).
-3
Let n(u) = 197*u + 12. Calculate n(0).
12
Let t(i) = i**2 - 68*i - 367. Give t(73).
-2
Let v(t) = t**2 + 39*t + 342. Give v(-14).
-8
Let w(a) = 6*a**2 - 1685*a - 8861. Give w(286).
5
Let z(g) = -150*g + 2568. Determine z(18).
-132
Let p(k) = 2*k**2 + 20*k - 476. Determine p(12).
52
Let w(h) = h**3 + 38*h**2 + 24*h - 472. Determine w(-37).
9
Let b(d) = d + 28. Determine b(10).
38
Let r(x) = x**3 + 54*x**2 - 3*x - 173. Give r(-54).
-11
Let z(k) = 29*k + 279. Give z(-8).
47
Let r(q) = -q**2 + 115*q + 3194. Give r(138).
20
Let m(h) = h**3 + 10*h**2 + 23*h + 35. What is m(-7)?
21
Let d(b) = -7*b**3 - 133*b**2 - 5*b - 88. Determine d(-19).
7
Let o(j) = j**3 + 74*j**2 + 384*j - 1622. Give o(-68).
10
Let l(o) = 7*o**2 + 235*o + 921. Calculate l(-29).
-7
Let h(r) = -8*r**3 - 48*r**2 + 41*r + 241. Calculate h(-6).
-5
Let z(t) = t**2 + 137*t + 1607. Calculate z(-13).
-5
Let o(a) = -2*a**2 + 38. Give o(-12).
-250
Let z(f) = 573*f - 2095. Give z(4).
197
Let u(d) = -14*d - 27. Calculate u(0).
-27
Let z(m) = -m**2 + 38*m - 289. Give z(10).
-9
Let u(a) = 8*a**2 + 6*a + 2. Calculate u(3).
92
Let c(g) = 12*g**3 + 2*g**2 + 3*g + 2. Calculate c(-2).
-92
Let o(b) = 2*b - 45. Determine o(-20).
-85
Let o(q) = 2*q**3 + q**2 + 8*q + 217. Calculate o(0).
217
Let g(f) = -137*f - 6720. Give g(-49).
-7
Let o(d) = -d**2 + 28*d - 78. What is o(24)?
18
Let l(g) = g**3 - 32*g**2 + 2*g - 392. Calculate l(32).
-328
Let t(p) = 151*p + 463. Give t(-3).
10
Let n(q) = -1257*q + 6259. Give n(5).
-26
Let r(b) = -b**2 - 259*b + 19099. Give r(60).
-41
Let b(p) = 6*p**2 + 105*p - 307. Give b(-20).
-7
Let j(t) = -2*t**3 + t**2 - t - 1. What is j(-3)?
65
Let w(